rs of 787.
787
List the prime factors of 532.
2, 7, 19
List the prime factors of 19555.
5, 3911
List the prime factors of 49567.
7, 73, 97
What are the prime factors of 431?
431
List the prime factors of 17767.
109, 163
What are the prime factors of 138089?
7, 19727
What are the prime factors of 12906?
2, 3, 239
List the prime factors of 1111.
11, 101
What are the prime factors of 1638?
2, 3, 7, 13
What are the prime factors of 25515?
3, 5, 7
What are the prime factors of 74633?
13, 5741
What are the prime factors of 6292?
2, 11, 13
List the prime factors of 10072.
2, 1259
What are the prime factors of 356?
2, 89
List the prime factors of 3692.
2, 13, 71
List the prime factors of 10627.
10627
List the prime factors of 1314.
2, 3, 73
What are the prime factors of 2610?
2, 3, 5, 29
List the prime factors of 143982.
2, 3, 19, 421
List the prime factors of 440.
2, 5, 11
List the prime factors of 15766.
2, 7883
What are the prime factors of 756?
2, 3, 7
What are the prime factors of 13796?
2, 3449
List the prime factors of 1173.
3, 17, 23
What are the prime factors of 16736?
2, 523
What are the prime factors of 3130?
2, 5, 313
List the prime factors of 2123.
11, 193
What are the prime factors of 6761?
6761
List the prime factors of 3083.
3083
List the prime factors of 27599.
11, 13, 193
What are the prime factors of 13245?
3, 5, 883
List the prime factors of 62159.
61, 1019
What are the prime factors of 1373?
1373
What are the prime factors of 131192?
2, 23, 31
List the prime factors of 5496.
2, 3, 229
What are the prime factors of 758?
2, 379
List the prime factors of 47711.
47711
List the prime factors of 19936.
2, 7, 89
List the prime factors of 5442.
2, 3, 907
List the prime factors of 24006.
2, 3, 4001
What are the prime factors of 14521?
13, 1117
What are the prime factors of 72836?
2, 131, 139
List the prime factors of 19018.
2, 37, 257
List the prime factors of 3316.
2, 829
List the prime factors of 8341.
19, 439
List the prime factors of 855.
3, 5, 19
List the prime factors of 1633.
23, 71
List the prime factors of 22183.
7, 3169
What are the prime factors of 3905?
5, 11, 71
List the prime factors of 66015.
3, 5, 163
What are the prime factors of 2078?
2, 1039
List the prime factors of 54823.
73, 751
List the prime factors of 9215.
5, 19, 97
What are the prime factors of 17332?
2, 7, 619
What are the prime factors of 60269?
11, 5479
What are the prime factors of 90837?
3, 10093
List the prime factors of 16686.
2, 3, 103
What are the prime factors of 17270?
2, 5, 11, 157
List the prime factors of 7405.
5, 1481
List the prime factors of 790.
2, 5, 79
List the prime factors of 5352.
2, 3, 223
What are the prime factors of 14989?
13, 1153
List the prime factors of 5003.
5003
What are the prime factors of 8106?
2, 3, 7, 193
What are the prime factors of 16736?
2, 523
List the prime factors of 3028.
2, 757
List the prime factors of 33555.
3, 5, 2237
What are the prime factors of 47920?
2, 5, 599
What are the prime factors of 25152?
2, 3, 131
What are the prime factors of 7234?
2, 3617
What are the prime factors of 32436?
2, 3, 17, 53
What are the prime factors of 1089?
3, 11
What are the prime factors of 11149?
11149
List the prime factors of 1179.
3, 131
List the prime factors of 15629.
15629
List the prime factors of 20049.
3, 41, 163
List the prime factors of 25325.
5, 1013
List the prime factors of 102.
2, 3, 17
List the prime factors of 1318.
2, 659
List the prime factors of 830.
2, 5, 83
List the prime factors of 14720.
2, 5, 23
List the prime factors of 24570.
2, 3, 5, 7, 13
What are the prime factors of 7?
7
What are the prime factors of 2674?
2, 7, 191
What are the prime factors of 20849?
20849
List the prime factors of 58301.
173, 337
List the prime factors of 5099.
5099
List the prime factors of 2753.
2753
List the prime factors of 115206.
2, 3, 7, 13, 211
What are the prime factors of 2526?
2, 3, 421
What are the prime factors of 670?
2, 5, 67
What are the prime factors of 5535?
3, 5, 41
List the prime factors of 668.
2, 167
What are the prime factors of 23626?
2, 11813
List the prime factors of 6395.
5, 1279
List the prime factors of 161350.
2, 5, 7, 461
What are the prime factors of 934?
2, 467
What are the prime factors of 17495?
5, 3499
What are the prime factors of 84216?
2, 3, 11, 29
List the prime factors of 34493.
17, 2029
List the prime factors of 3420.
2, 3, 5, 19
List the prime factors of 1711.
29, 59
What are the prime factors of 85017?
3, 17, 1667
What are the prime factors of 6245?
5, 1249
What are the prime factors of 81831?
3, 27277
List the prime factors of 1655.
5, 331
What are the prime factors of 51?
3, 17
List the prime factors of 4021.
4021
List the prime factors of 37756.
2, 9439
List the prime factors of 3367.
7, 13, 37
List the prime factors of 14146.
2, 11, 643
List the prime factors of 55067.
53, 1039
List the prime factors of 1009.
1009
What are the prime factors of 312?
2, 3, 13
List the prime factors of 3436.
2, 859
List the prime factors of 17.
17
List the prime factors of 42473.
42473
List the prime factors of 10097.
23, 439
What are the prime factors of 1888?
2, 59
List the prime factors of 1375.
5, 11
What are the prime factors of 4943?
4943
List the prime factors of 1690.
2, 5, 13
What are the prime factors of 3438?
2, 3, 191
What are the prime factors of 10621?
13, 19, 43
List the prime factors of 871.
13, 67
List the prime factors of 733.
733
What are the prime factors of 3031?
7, 433
What are the prime factors of 814?
2, 11, 37
List the prime factors of 6151.
6151
What are the prime factors of 10037?
10037
List the prime factors of 20976.
2, 3, 19, 23
What are the prime factors of 78964?
2, 19, 1039
What are the prime factors of 10479?
3, 7, 499
List the prime factors of 6611.
11, 601
List the prime factors of 78418.
2, 39209
List the prime factors of 19604.
2, 13, 29
What are the prime factors of 19056?
2, 3, 397
List the prime factors of 41359.
59, 701
What are the prime factors of 140247?
3, 15583
List the prime factors of 4220.
2, 5, 211
List the prime factors of 14630.
2, 5, 7, 11, 19
What are the prime factors of 585?
3, 5, 13
List the prime factors of 10954.
2, 5477
List the prime factors of 114.
2, 3, 19
What are the prime factors of 1637?
1637
What are the prime factors of 9438?
2, 3, 11, 13
What are the prime factors of 30?
2, 3, 5
List the prime factors of 799.
17, 47
List the prime factors of 1499.
1499
List the prime factors of 200280.
2, 3, 5, 1669
What are the prime factors of 248?
2, 31
What are the prime factors of 3441?
3, 31, 37
What are the prime factors of 3971?
11, 19
What are the prime factors of 20379?
3, 6793
List the prime factors of 24469.
24469
List the prime factors of 107.
107
What are the prime factors of 9943?
61, 163
What are the prime factors of 7401?
3, 2467
List the prime factors of 746.
2, 373
What are the prime factors of 1888?
2, 59
What are the prime factors of 28465?
5, 5693
List the prime factors of 12759.
3, 4253
List the prime factors of 6204.
2, 3, 11, 47
List the prime factors of 3890.
2, 5, 389
List the prime factors of 335.
5, 67
What are the prime factors of 140?
2, 5, 7
What are the prime factors of 3165?
3, 5, 211
List the prime factors of 774.
2, 3, 43
What are the prime factors of 923?
13, 71
What are the prime factors of 1295?
5, 7, 37
List the prime factors of 33429.
3, 11, 1013
What are the prime factors of 70590?
2, 3, 5, 13, 181
What are the prime factors of 11602?
2, 5801
What are the prime factors of 533?
13, 41
List the prime factors of 10697.
19, 563
List the prime factors of 3732.
2, 3, 311
What are the prime factors of 11995?
5, 2399
List the prime factors of 208.
2, 13
What are the prime factors of 60036?
2, 3, 5003
What are the prime factors of 10423?
7, 1489
What are the prime factors of 16918?
2, 11, 769
List the prime factors of 1375.
5, 11
List the prime factors of 4050.
2, 3, 5
List the prime factors of 1370.
2, 5, 137
List the prime factors of 1722.
2, 3, 7, 41
What are the prime factors of 38152?
2, 19, 251
List the prime factors of 4098.
2, 3, 683
List the prime factors of 39074.
2, 7, 2791
What are the prime factors of 779?
19, 41
List the prime factors of 4066.
2, 19, 107
List the prime factors of 6145.
5, 1229
List 